 + 2. Let v = 0 - o. Calculate the remainder when b(5) is divided by v.
0
Let v(j) be the first derivative of -j**3/3 - 5*j**2/2 - 2*j - 1. Let y(c) = -c - 3. Let s be y(0). Calculate the remainder when 11 is divided by v(s).
3
Let z be (1 - 0 - 14) + -1. Let k = 1 - -1. What is the remainder when k is divided by z/(-6) + 5/(-15)?
0
Let s = -3 - -4. What is the remainder when s is divided by 1?
0
Let x be -18*2*(-3)/(-4). Let g = x + 16. Let h = -3 - g. What is the remainder when 15 is divided by h?
7
Suppose 5*q = -2*u + 49, -u = -2*q - 2*q + 34. Suppose o + q = 4*o. Calculate the remainder when 5 is divided by o.
2
Suppose 2*u - u = -4*j + 27, -u + 4*j + 43 = 0. What is the remainder when 138 is divided by u?
33
Let j be ((-4)/(-12))/((-2)/(-18)). Let c = 6 - j. What is the remainder when 19 is divided by (-14)/((-3)/(c/2))?
5
Let f(z) = -2*z**2 + 6*z - 1. Let y(m) = -5*m**2 + 13*m - 3. Let l(n) = 7*f(n) - 3*y(n). What is the remainder when 23 is divided by l(-5)?
11
Calculate the remainder when 37 is divided by (-6)/(-9) + (-55)/(-3).
18
Suppose -2*l + 14 + 2 = 0. Suppose -l*n = -4*n - 40. What is the remainder when 18 is divided by n?
8
Suppose -215 = -4*c - 55. Let q be (c/5)/(2/(-2)). Let l(m) = m**2 + 7*m + 10. Calculate the remainder when 35 is divided by l(q).
17
Suppose 2*r = -4 + 34. What is the remainder when 27 is divided by r?
12
Suppose -u - 22 = -4*w - 4*u, 5*w - 31 = -2*u. Let t = -2 - 8. What is the remainder when w is divided by (3 + t/3)*-12?
3
Let b(j) be the third derivative of -j**4/24 - j**2. Suppose -1 = -4*y + 39. What is the remainder when y is divided by b(-6)?
4
Let z be (-748)/(-5) - 8/(-20). Suppose -3*f + 193 = 5*v, 6*v - z = 2*v + 2*f. What is the remainder when v is divided by 20?
18
Suppose -2*s + 6*o + 21 = o, -4*s - 2*o = -6. Calculate the remainder when (s - 1)/(3/57) is divided by 20.
18
Let a(z) = -7*z**2 + 5*z + 26. Let y(g) = g**2 - g + 1. Let c(w) = a(w) + 6*y(w). Let f = -23 + 34. Calculate the remainder when c(0) is divided by f.
10
Suppose -i + 0*i = -27. Suppose -4*t + 53 = -3. Calculate the remainder when i is divided by t.
13
Suppose u - 2*a = 29, -2*u - 3*a + 12 = -18. Let c be (-30)/(-4)*2/3. Suppose -17 = -2*o + c. Calculate the remainder when u is divided by o.
10
Suppose t - 4*i + 35 = -0*i, -t - 45 = i. Let c be (-12)/30 - t/(-5). What is the remainder when 2/c + 1675/45 is divided by 13?
11
Suppose 5*n + 4*o = 133, -3*o = -3*n + 7*n - 107. Calculate the remainder when n is divided by 11.
7
Suppose 35 = -0*w + 5*w. What is the remainder when w is divided by 5?
2
Suppose -373 + 129 = -4*y. Suppose -4*a + 2*z + 70 = 0, -5*a - 13 = -2*z - 99. What is the remainder when y is divided by a?
13
Suppose z - s - 34 = 0, 2*s - 19 = -z - 2*s. What is the remainder when z is divided by 11?
9
Let w(j) = j**2 + 6*j - 1. Let g be w(-5). What is the remainder when 2 is divided by (-14)/g + 9/(-27)?
0
Calculate the remainder when (-4)/8*(-78)/1 is divided by 20.
19
Suppose -2*q = -q + 4*y - 10, q - 12 = -5*y. Let z = q - 6. What is the remainder when (-65)/(-7) - z/(-14) is divided by 4?
1
Suppose -5*w + 15 = 0, 229 = 5*l + w + 2*w. Calculate the remainder when l is divided by (-4)/(-8) - 87/(-6).
14
Suppose 0*g + 2*g = 14. Let w(a) = a**2 - 4*a - 8. Calculate the remainder when w(g) is divided by 7.
6
Let w(n) = -6*n + 16. Calculate the remainder when w(0) is divided by 6.
4
Let c(a) be the first derivative of -a**3/3 - 2*a**2 + 2*a - 6. Calculate the remainder when 9 is divided by c(-4).
1
Suppose -2*s + 234 = -14. Calculate the remainder when s is divided by 32.
28
Suppose 60 = 4*m + 2*m. Calculate the remainder when m is divided by 6.
4
Let w = 61 + -42. Suppose -2 - 18 = -2*c. Calculate the remainder when w is divided by c.
9
Let u be (-6)/21 + (-58)/(-7). Let x(k) = -k**3 + 9*k**2 - 3*k + 11. Calculate the remainder when x(u) is divided by 26.
25
Let q = -6 + 11. Suppose -2*x - 3*x = -q. What is the remainder when ((-60)/16)/(x/(-4)) is divided by 8?
7
Let o(j) = 17*j**2 - 2*j + 1. Let w be o(1). Suppose 2*t - w = -0*t. What is the remainder when (2 + t)*(-4)/(-5) is divided by 3?
2
Let g(b) = b + 10. Let z be g(-5). Let n = -26 - -74. Suppose -n = -z*s + s. Calculate the remainder when 35 is divided by s.
11
Suppose 0 = 3*a - 12 - 3, -2*k + a + 57 = 0. Suppose -14*w + 18*w - 32 = 0. Calculate the remainder when k is divided by w.
7
Let k(t) = 5*t**3 - 1 + 0 + t**2 - 4*t**3 - 3. Let w be k(3). Suppose -2*s + 4*s + n = w, 5*s = -n + 77. What is the remainder when s is divided by 9?
6
Let m = 85 + -54. Suppose 0 = 3*x - 0*x - 39. Suppose 5*o + x = 3*c, -2*c = -4*c + o + 18. Calculate the remainder when m is divided by c.
9
Let y = -11 - -8. Let u(h) = -1 + 6*h**2 - 5*h**2 + 3 - 3*h. Calculate the remainder when u(y) is divided by 7.
6
Let g = 40 - 21. What is the remainder when 89 - 14 - (0 - 0) is divided by g?
18
Let t(i) = -5*i. Calculate the remainder when 14 is divided by t(-1).
4
Let a(m) = -m**3 - 4*m**2 + 5*m + 3. Let v be a(-5). Suppose -o + 11 = 4*p, v*o = -o + 5*p + 2. Calculate the remainder when 5 is divided by o.
2
Let o = 42 - 16. Calculate the remainder when 75 is divided by o.
23
Suppose -6*z + 9*z = m + 22, -2*m - 35 = -5*z. Let k(v) = 10*v + 2. Let x be k(4). Suppose 0 = 5*c - 43 - x. What is the remainder when c is divided by z?
8
Suppose 3*q = -2*q + 160. Let k = -3 + 14. What is the remainder when q is divided by 0/(1 - 2) + k?
10
Let q = 10 - 6. Calculate the remainder when (-27)/(-1) - 12/q is divided by 14.
10
Let n(d) = -2*d**3 - 5*d**2 - 3*d - 3. Let a = -40 + 49. Calculate the remainder when n(-3) is divided by a.
6
Let s = 188 + -165. What is the remainder when 78 is divided by s?
9
Calculate the remainder when (938/(-56))/((-1)/4) is divided by 18.
13
Let g(o) = -2*o - 1. Let m be g(-3). Suppose -q + 101 - m = 0. Suppose -b + 4*b = q. Calculate the remainder when b is divided by 17.
15
Suppose 55 = 3*a - 5*g, -3*a + g = 3*g - 41. Suppose -2*l + 91 = 3*r, -4*l + r + 3*r = -172. What is the remainder when l is divided by a?
14
Suppose -5*i - 12 = -97. Calculate the remainder when 55 is divided by i.
4
Let j be (10*-1)/((-4)/6). Suppose 0 = 3*r - j, 3*p - r + 42 = 4*p. Let b = p + -9. Calculate the remainder when b is divided by 15.
13
Suppose o - 227 = -4*o + 4*z, o - 55 = 4*z. Calculate the remainder when o is divided by 10.
3
Suppose 8 = 5*d - 3*d. Suppose 0*m = -4*b - 5*m + 76, -76 = -4*b + 3*m. What is the remainder when -2*(2 - 118/d) is divided by b?
17
Suppose 71 + 13 = 4*r. Calculate the remainder when r is divided by 11.
10
Let o(s) be the third derivative of -7*s**4/24 + 10*s**2. What is the remainder when 39 is divided by o(-3)?
18
Let y = 62 - -24. What is the remainder when y is divided by 22?
20
Suppose -5*f + 163 + 367 = 0. Calculate the remainder when f is divided by 27.
25
Let h(q) = -100*q**3 + 2*q**2 + 5*q + 1 + 0*q - 3*q. Let p be h(-1). Suppose 19 = -2*a + p. What is the remainder when a is divided by 14?
13
Suppose 0 = 4*d - 32 - 180. Calculate the remainder when d is divided by 18.
17
Let w(a) = a + 3. Let p be w(0). Let b = -20 + 23. Suppose -2*l - l + 6 = b*q, -18 = -3*l + p*q. What is the remainder when l is divided by 2?
0
Suppose 3*z + 6 = 2*z. Calculate the remainder when (-73)/3*18/z is divided by 25.
23
Let d(j) = j**2 - 9*j + 6. Let h be d(8). Let q = h + 6. Suppose 3*g - c = 26, -7 = -q*g + 5*c + 46. What is the remainder when 18 is divided by g?
4
Let w(c) = -c**3 - c**2 + 4*c - 5. Calculate the remainder when w(-4) is divided by 7.
6
Let u(w) = -w - 4. Let x be u(-6). Suppose -6 = -x*d + 5*d. Calculate the remainder when 15 is divided by d/(-3)*(-36)/(-3).
7
Suppose -97 = -2*a - 2*a - l, a - 3*l - 34 = 0. Suppose j + 1 - 7 = 4*k, 0 = 5*k + 2*j + 14. Calculate the remainder when a is divided by k/8 - 111/(-12).
7
Suppose -106 = -6*f + 2. What is the remainder when 159 is divided by f?
15
Let d = -5 + 8. Suppose -2*u = d*u + 10. Let t = 5 - u. Calculate the remainder when t is divided by 4.
3
Suppose -2*g - 2*j + 338 = 0, 0*g + 356 = 2*g - 4*j. What is the remainder when 26 is divided by g/12 + 2/(-6)?
12
Let x(k) = -k**2 + 6*k + 1. Let m be x(3). Calculate the remainder when (-71)/(-2) - (-2)/4 is divided by 2 + (m - 4/(-4)).
10
Let m(b